{"id":3585,"date":"2021-07-22T10:58:12","date_gmt":"2021-07-22T08:58:12","guid":{"rendered":"http:\/\/192.168.19.236\/wordpress\/?page_id=3585"},"modified":"2021-12-05T16:32:54","modified_gmt":"2021-12-05T15:32:54","slug":"technische-ausstattung","status":"publish","type":"page","link":"https:\/\/itvstatik.de\/?page_id=3585","title":{"rendered":"Technische Ausstattung"},"content":{"rendered":"\n<p>Wir alle arbeiten durchg\u00e4ngig an hoch-leistungsf\u00e4higen PC Arbeitspl\u00e4tzen. Sowohl die PC-Statik-Arbeitspl\u00e4tze selbst als die CAD-Arbeitspl\u00e4tze werden regelm\u00e4\u00dfig erneuert und befinden sich auf dem aktuellen Stand der Technik. Die Arbeitsplatz Konfiguration der Ger\u00e4te besteht aus 27-Zoll Doppel-oder Trippel-Monitoren und hoch leistungsf\u00e4higen Grafikkarten f\u00fcr die Anwendung bei komplexen 3D- Planungen. Software-Service Vertr\u00e4ge im Bereich der Statik\/Tragwerksplanung als auch der CAD-Arbeitspl\u00e4tze erm\u00f6glichen eine Anwendung aktuellster Softwareschnittstellen und Austauschformate. F\u00fcr unsere Kunden liefern wir unsere 3D-Daten der Zeichnungen auch als 3D-PDF, sodass auch nicht so versierte PC Benutzer schnelle komplexe Strukturen erfassen k\u00f6nnen. Selbstverst\u00e4ndlich geh\u00f6ren hierzu die aktuellen Betriebssysteme als auch die zugeh\u00f6rigen Text- und Tabellenkalkulationsprogramme sowie Spezialsoftware wie Projektmanagment und Zeiterfassungssysteme.<\/p>\n\n\n\n<p><strong>Eingesetzte Software:<\/strong><\/p>\n\n\n\n<p>mb-AEC\u00a0\u00a0\u00a0\u00a0\u00a0\u00a0\u00a0\u00a0\u00a0\u00a0\u00a0\u00a0\u00a0\u00a0\u00a0\u00a0\u00a0\u00a0\u00a0\u00a0\u00a0\u00a0\u00a0\u00a0\u00a0\u00a0\u00a0\u00a0\u00a0\u00a0\u00a0\u00a0\u00a0\u00a0\u00a0\u00a0\u00a0\u00a0\u00a0\u00a0\u00a0\u00a0\u00a0\u00a0\u00a0\u00a0 Bauphysik, Brandschutz, Schallschutz<\/p>\n\n\n\n<p>mb-AEC\u00a0\u00a0\u00a0\u00a0\u00a0\u00a0\u00a0\u00a0\u00a0\u00a0\u00a0\u00a0\u00a0\u00a0\u00a0\u00a0\u00a0\u00a0\u00a0\u00a0\u00a0\u00a0\u00a0\u00a0\u00a0\u00a0\u00a0\u00a0\u00a0\u00a0\u00a0\u00a0\u00a0\u00a0\u00a0\u00a0\u00a0\u00a0\u00a0\u00a0\u00a0\u00a0\u00a0\u00a0\u00a0\u00a0 Baustatik, Tragwerksplanung, FEM,<\/p>\n\n\n\n<p>Scia Engineer 14\u00a0\u00a0\u00a0\u00a0\u00a0\u00a0\u00a0\u00a0\u00a0\u00a0\u00a0\u00a0\u00a0\u00a0\u00a0\u00a0\u00a0\u00a0\u00a0\u00a0\u00a0\u00a0\u00a0\u00a0\u00a0\u00a0\u00a0\u00a0\u00a0\u00a0 Statik, Tragwerksplanung, 2D und 3D, Stahlbau<\/p>\n\n\n\n<p>ZUB Helena Ultra&nbsp;&nbsp;&nbsp;&nbsp;&nbsp;&nbsp;&nbsp;&nbsp;&nbsp;&nbsp;&nbsp;&nbsp;&nbsp;&nbsp;&nbsp;&nbsp;&nbsp;&nbsp;&nbsp;&nbsp;&nbsp;&nbsp;&nbsp;&nbsp;&nbsp;&nbsp;&nbsp;&nbsp; Bauphysik, GEG, EnEV, W\u00e4rmeschutz, Energieberatersoftware<\/p>\n\n\n\n<p>Nemetschek Allplan&nbsp;&nbsp;&nbsp;&nbsp;&nbsp;&nbsp;&nbsp;&nbsp;&nbsp;&nbsp;&nbsp;&nbsp;&nbsp;&nbsp;&nbsp;&nbsp;&nbsp;&nbsp;&nbsp;&nbsp;&nbsp;&nbsp; CAD und BIM Software<\/p>\n\n\n\n<p>Nemetschek Nevris&nbsp;&nbsp;&nbsp;&nbsp;&nbsp;&nbsp;&nbsp;&nbsp;&nbsp;&nbsp;&nbsp;&nbsp;&nbsp;&nbsp;&nbsp;&nbsp;&nbsp;&nbsp;&nbsp;&nbsp;&nbsp;&nbsp;&nbsp; Ausschreibungsprogramm<\/p>\n\n\n\n<p>VVW Control &nbsp;&nbsp;&nbsp;&nbsp;&nbsp;&nbsp;&nbsp;&nbsp;&nbsp;&nbsp;&nbsp;&nbsp;&nbsp;&nbsp;&nbsp;&nbsp;&nbsp;&nbsp;&nbsp;&nbsp;&nbsp;&nbsp;&nbsp;&nbsp;&nbsp;&nbsp;&nbsp;&nbsp;&nbsp;&nbsp;&nbsp;&nbsp;&nbsp;&nbsp;&nbsp; HOAI und Buchhaltung<\/p>\n\n\n\n<p>MS Projekt&nbsp;&nbsp;&nbsp;&nbsp;&nbsp;&nbsp;&nbsp;&nbsp;&nbsp;&nbsp;&nbsp;&nbsp;&nbsp;&nbsp;&nbsp;&nbsp;&nbsp;&nbsp;&nbsp;&nbsp;&nbsp;&nbsp;&nbsp;&nbsp;&nbsp;&nbsp;&nbsp;&nbsp;&nbsp;&nbsp;&nbsp;&nbsp;&nbsp;&nbsp;&nbsp;&nbsp;&nbsp;&nbsp;&nbsp; Projektmanagementsoftware<\/p>\n\n\n\n<p>MS Office Word &nbsp;&nbsp;&nbsp;&nbsp;&nbsp;&nbsp;&nbsp;&nbsp;&nbsp;&nbsp;&nbsp;&nbsp;&nbsp;&nbsp;&nbsp;&nbsp;&nbsp;&nbsp;&nbsp;&nbsp;&nbsp;&nbsp;&nbsp;&nbsp;&nbsp;&nbsp;&nbsp;&nbsp;&nbsp; Textverarbeitung<\/p>\n\n\n\n<p>MS Excel&nbsp;&nbsp;&nbsp;&nbsp;&nbsp;&nbsp;&nbsp;&nbsp;&nbsp;&nbsp;&nbsp;&nbsp;&nbsp;&nbsp;&nbsp;&nbsp;&nbsp;&nbsp;&nbsp;&nbsp;&nbsp;&nbsp;&nbsp;&nbsp;&nbsp;&nbsp;&nbsp;&nbsp;&nbsp;&nbsp;&nbsp;&nbsp;&nbsp;&nbsp;&nbsp;&nbsp;&nbsp;&nbsp;&nbsp;&nbsp;&nbsp;&nbsp;&nbsp;&nbsp; Tabellenkalkulation<\/p>\n\n\n\n<p>MS Power Point&nbsp;&nbsp;&nbsp;&nbsp;&nbsp;&nbsp;&nbsp;&nbsp;&nbsp;&nbsp;&nbsp;&nbsp;&nbsp;&nbsp;&nbsp;&nbsp;&nbsp;&nbsp;&nbsp;&nbsp;&nbsp;&nbsp;&nbsp;&nbsp;&nbsp;&nbsp;&nbsp;&nbsp;&nbsp;&nbsp; Pr\u00e4sentationsprogramm<\/p>\n\n\n\n<p>MS Teams, Zoom, u.v.m &nbsp;&nbsp;&nbsp;&nbsp;&nbsp;&nbsp;&nbsp;&nbsp;&nbsp;&nbsp;&nbsp;&nbsp;&nbsp; Kommunikationssoftware, Online Meeting Software<\/p>\n","protected":false},"excerpt":{"rendered":"<p>Wir alle arbeiten durchg\u00e4ngig an hoch-leistungsf\u00e4higen PC Arbeitspl\u00e4tzen. Sowohl die PC-Statik-Arbeitspl\u00e4tze selbst als die CAD-Arbeitspl\u00e4tze werden regelm\u00e4\u00dfig erneuert und befinden sich auf dem aktuellen Stand der Technik. Die Arbeitsplatz Konfiguration der Ger\u00e4te besteht aus 27-Zoll Doppel-oder Trippel-Monitoren und hoch leistungsf\u00e4higen Grafikkarten f\u00fcr die Anwendung bei komplexen 3D- Planungen. Software-Service Vertr\u00e4ge im Bereich der Statik\/Tragwerksplanung als auch der CAD-Arbeitspl\u00e4tze erm\u00f6glichen eine Anwendung aktuellster Softwareschnittstellen und Austauschformate. F\u00fcr unsere Kunden liefern wir unsere 3D-Daten der Zeichnungen auch als 3D-PDF, sodass auch nicht&hellip;<\/p>\n","protected":false},"author":1,"featured_media":0,"parent":0,"menu_order":0,"comment_status":"closed","ping_status":"closed","template":"","meta":{"footnotes":""},"class_list":["post-3585","page","type-page","status-publish","hentry"],"_links":{"self":[{"href":"https:\/\/itvstatik.de\/index.php?rest_route=\/wp\/v2\/pages\/3585","targetHints":{"allow":["GET"]}}],"collection":[{"href":"https:\/\/itvstatik.de\/index.php?rest_route=\/wp\/v2\/pages"}],"about":[{"href":"https:\/\/itvstatik.de\/index.php?rest_route=\/wp\/v2\/types\/page"}],"author":[{"embeddable":true,"href":"https:\/\/itvstatik.de\/index.php?rest_route=\/wp\/v2\/users\/1"}],"replies":[{"embeddable":true,"href":"https:\/\/itvstatik.de\/index.php?rest_route=%2Fwp%2Fv2%2Fcomments&post=3585"}],"version-history":[{"count":3,"href":"https:\/\/itvstatik.de\/index.php?rest_route=\/wp\/v2\/pages\/3585\/revisions"}],"predecessor-version":[{"id":3868,"href":"https:\/\/itvstatik.de\/index.php?rest_route=\/wp\/v2\/pages\/3585\/revisions\/3868"}],"wp:attachment":[{"href":"https:\/\/itvstatik.de\/index.php?rest_route=%2Fwp%2Fv2%2Fmedia&parent=3585"}],"curies":[{"name":"wp","href":"https:\/\/api.w.org\/{rel}","templated":true}]}}